se -3*j + 13 = -7*f + 2*f, 2*f + 5 = j. Calculate p(j).
8
Let f(y) = y**3 + 12*y**2 + 12*y + 3. Suppose 5*c + 59 = j, j + 2*j + 43 = -5*c. Determine f(c).
-8
Suppose v - 4*y = -7*y - 12, 3*v + 12 = -y. Let p(c) = -c**2 + 2*c - 2. Let g be p(v). Let t = 22 + g. Let a(u) = -u**3 + 6*u**2 - 4*u + 4. Determine a(t).
9
Suppose -s - 91 = -2*a, -a - 8 = -2*s - 52. Let u(k) = -k + 22 + 23 - a. Give u(-1).
0
Let o(b) = -41990 + 4*b + 41993 - 2*b. Suppose 0 = -3*p + 6 - 15. What is o(p)?
-3
Suppose 4*p = 2*p + 96. Suppose 0 = -5*w + 4*t - p, 2*w + 0*w - t = -18. Let u(l) = -l**3 - 7*l**2 + 8*l + 8. What is u(w)?
8
Let a be 1 + 0*(2 - 1). Let n = 112 - 109. Let k(g) = g - 1. Let c(w) = w**2 - 9*w + 9. Let t(r) = a*c(r) + n*k(r). What is t(4)?
-2
Let i(j) = j**2 + 6 + 34*j + 26*j - 67*j. Give i(6).
0
Let r(i) = -i**3 - 2*i**2 + i - 1. Let s be r(-2). Let n = 6 + s. Let m(t) = n - 7*t + 2 - 2*t - 4. Calculate m(-1).
10
Let p = 844 + -847. Let u(j) = 4*j**2 + 2*j + 1. Determine u(p).
31
Let f(r) = r**2 + 1. Suppose -v - n = 3, -4 = -3*v + n - 5. Let h(z) = 5*z**2 + z - 4. Let y(w) = v*h(w) - 4*f(w). What is y(-1)?
-8
Let b(m) = m**3 + 4*m**2 - 5*m + 7. Let v(o) = -o**2 - 3 - 3*o**3 - 3*o**3 - 1 + 7*o**3. Let t be v(0). Let s = -1 + t. Determine b(s).
7
Let a(k) = k**3 + 10*k**2 + 9*k - 2. Let h(z) = z**3 - 5*z**2 + 9*z - 18. Let l be h(3). Give a(l).
-2
Let k(c) = -9*c - 1. Suppose t + 4*p + 24 = 3*t, -5*p - 27 = -t. Give k(t).
-19
Let p(w) = -w**3 - 9*w**2 - 8*w - 80. Let y be p(-9). Let d(k) = k**2 + 5*k - 6. What is d(y)?
18
Suppose 2*u - 2*o = -80, 4*u + 94 = 2*u - 5*o. Let q = 49 + u. Let d(y) = y**3 - 7*y**2 - y + 7. Calculate d(q).
0
Let o(w) = 11*w + 23. Let y(c) = -6 + 12020*c - 6 - 12026*c. Let r(j) = 3*o(j) + 5*y(j). Determine r(-6).
-9
Let u(y) = y**3 + 15*y**2 - y - 11. Let s be u(-15). Let g(n) = 4*n - 3*n**2 + 4 + n**2 + 2*n**2 - 2*n**2. Give g(s).
-12
Let w(v) be the second derivative of -1/6*v**3 - 1/2*v**2 + 0 - 1/12*v**4 + 6*v + 7/20*v**5. What is w(-1)?
-8
Suppose q = 1 - 3. Let n(z) = -3*z + 5*z**3 + 2*z**2 - 2 + 4*z**2 - 6*z**3 - 8*z**2. What is n(q)?
4
Let v(y) = 5*y - 4. Let w(q) = 14*q - 13. Let g(h) = -7*v(h) + 2*w(h). Let n be g(0). Let t(j) = 6*j - 2. Determine t(n).
10
Let h(l) = -4*l**2. Let n(a) = a**3 - 6*a**2 + 11*a + 4. Let j(w) = 3*h(w) - n(w). Give j(-4).
8
Let d(s) = -3*s + 2. Let m be (-4)/(-1) - (-11 - -14). Suppose 0 = -3*c + b + 11, 4*b = 3*c - m - 25. Determine d(c).
-4
Let i = -1 + -4. Suppose -14*y - 90 = -5*y. Let f be (-6)/i*y/4. Let o(x) = x**3 + 2*x**2 - 4*x. Determine o(f).
3
Suppose -4*z + 10 + 10 = 0. Let x(u) = -47*u + u**2 + 19*u + 24*u - 6. What is x(z)?
-1
Let a be (0 + -3)/((-51)/(-34)). Let w(z) = 9*z**2 + 3*z + 3. Calculate w(a).
33
Let b(h) = -h**3 + h - 6. Let o = -11 - -11. Suppose -4*m + 0*m = o. Give b(m).
-6
Let n(x) be the second derivative of x**4/12 - x**3/3 - 2*x**2 - 5*x. Let d = 64 - 1. Let g = d + -59. Calculate n(g).
4
Let c be (18/(-45))/((-2)/20). Let m be (-4)/(-6)*54/12. Let a(z) = 5 - m*z - c - 5 + 2*z. Calculate a(0).
-4
Let m be -1*((-8)/2)/4. Let s(d) = 0*d - 8*d + 7*d - m - 3. Calculate s(-3).
-1
Let h(f) = -5*f + 9*f + 3*f**2 - 2 - 7. Let q(v) = 2*v**2 + 2*v - 5. Let l(y) = -6*h(y) + 10*q(y). Calculate l(3).
10
Let o(l) = -l - 1. Let b(y) = -y**2 + 12*y + 31. Let h be b(13). Suppose -z - z + h = -5*u, -4 = 4*u + z. Calculate o(u).
1
Suppose 4*v = 3*u - 2*u + 5, 4*v = 2*u + 2. Let c(q) be the second derivative of -1/6*q**3 + 0 - 2*q + q**v. What is c(-5)?
7
Let p(f) = -f**3 - 9*f**2 + f + 9. Let h be (159/(-53))/(2/(0 - -6)). What is p(h)?
0
Let v be 14/(-4)*(0 + 2). Let p(g) = g**2 + 1. Let h(o) = -7*o**2 - 9*o - 13. Let a(w) = h(w) + 6*p(w). What is a(v)?
7
Let t be 2*6/4 + -2. Let i(m) be the second derivative of m**4 + 3*m + 0 - 1/2*m**2 + 0*m**3. Determine i(t).
11
Let n(z) = -16*z + 26914*z**2 + 3*z - 26915*z**2 - 6. Calculate n(-12).
6
Let p = 9 - 6. Suppose p*x - 8 = 1. Let i(u) = -16*u**2 - u + 73. Let y(c) = -3*c**2 + 13. Let o(v) = 2*i(v) - 11*y(v). Calculate o(x).
6
Let r = 1889 - 1879. Let k(p) = -p**3 + 11*p**2 - 13*p + 30. Give k(r).
0
Suppose 4*l - 17 = -b, -5*l + 0*l + 21 = b. Let n(p) = -p**3 + 6*p**2 - 4*p - 2. Calculate n(l).
14
Let j(p) = -p**2 + 4*p + 7. Let m be ((1 - 1)*1)/3. Suppose x - 4*g + 7 = m, 4*x + 4 - 9 = 5*g. What is j(x)?
2
Let l be (2 - -2)*(-3)/(-4). Let d(j) be the first derivative of -j**2/2 + 7*j - 10. Determine d(l).
4
Let l be 301/63 - 2/(-9). Let i(t) be the first derivative of t**2/2 - 11*t + 46. What is i(l)?
-6
Let j(c) = -c**2 + 6*c + 4. Let p be j(6). Let u(b) = -11*b**2 - 3*b - 4. Let k(a) = -2*a**2 - 1. Let s(w) = -6*k(w) + u(w). Determine s(p).
6
Let o(v) = 5 + v**3 - v - v - 3*v + 0*v**3 - 2*v**2. Let z be o(3). Let y(n) = -9*n**3. What is y(z)?
9
Let n(c) = -c**2 + 3*c + 20. Let j be n(6). Let p(s) be the second derivative of s**5/20 + s**4/12 - s**2 - 6*s. Calculate p(j).
10
Let g(q) = q**3 + 6*q**2 + 2*q - 5. Suppose 0 = 3*b + 2*m + 18, 7*b + 4*m + 32 = 2*b. What is g(b)?
19
Let s(b) = b**2 + 0 - 7*b + 3 + 4*b + b**3. Calculate s(-3).
-6
Let d(j) = -j**2 - 4*j - 4. Let y = 137 + -125. Suppose -3*m + 4*m - 4 = 0. Suppose -2*f - y + m = 0. Determine d(f).
-4
Let l(p) = 7*p - 6. Let f(j) = j**2 - 13*j + 11. Let n(d) = -3*f(d) - 5*l(d). Let y be n(1). Let k(b) = b**2 + b + 1. Give k(y).
3
Let b(z) be the first derivative of z**3/3 - 2*z**2 - 3*z + 20. Suppose -11 = -4*u - 3. Let a be (-2)/1 - (-9 + u). Give b(a).
2
Let t(h) be the second derivative of h**3/6 - 3*h**2/2 + 17*h. Let p = -33 + 35. Suppose -24 = -2*a - p*a. Calculate t(a).
3
Let q(o) = -o**2 + o - 1. Let p(r) = 8*r**2 - 3*r + 14. Let k(z) = p(z) + 4*q(z). Let i(w) be the first derivative of k(w). What is i(1)?
9
Let v(y) = y**3 + 3*y**2 + 4*y + 3. Suppose 4*d - 124 = -3*h, 5*h - 132 - 18 = -5*d. Suppose 28*p - d*p - 18 = 0. Determine v(p).
-9
Let v be (6/24)/((-2)/(-40)). Suppose 2*m - 5*q - 4 - v = 0, -2*m + 4*q + 6 = 0. Let d(h) = -2*h + 8. Let f(j) = -1. Let w(x) = m*f(x) - d(x). Give w(6).
7
Let r(d) = 14*d - 9. Let s(q) be the first derivative of -5*q**2/2 + 3*q - 6. Let j(b) = -6*r(b) - 17*s(b). Let k(h) = -3*h - 1. Let z be k(2). Calculate j(z).
-4
Let n(a) be the first derivative of -a**3/3 - 3*a**2 - 7*a - 330. What is n(-2)?
1
Let z(l) = -2*l + 21. Let q(h) = -h + 10. Let k(b) = 5*q(b) - 3*z(b). Suppose -18*p = -6*p - 156. What is k(p)?
0
Let g(z) = -5*z + 4*z + 4*z - 9*z - z. Let s(d) = d**3 + 7*d**2 + 5*d - 4. Let c be s(-6). Give g(c).
-14
Let s(i) = -i**3 + 4*i**2 + i - 6. Let y be (-11)/(-3) - ((-200)/(-6))/(-25). Calculate s(y).
-26
Let z be 9/(-6)*(-132)/18. Suppose -5*u - 6 + z = 0. Let n(i) be the first derivative of -17*i**4/4 + 2*i**3/3 - i**2 + i + 1. Determine n(u).
-16
Let k(j) = -3*j - 22. Suppose -2*p - 18 = -0*p. Let m be k(p). Suppose 4*y - 12 = 0, m*o + 4*y = -0*o + 22. Let b(q) = -q**2 + 3*q - 3. Determine b(o).
-1
Let w(s) = -12*s + 11*s - 5*s - 5 - s**2. Determine w(-6).
-5
Let z(i) = 8*i + 2. Let j(y) = 42*y + 11. Let d(u) = 4*j(u) - 22*z(u). Let g = 8 + -9. What is d(g)?
8
Suppose -v - 3*o = -13, v + 3*o - 13 = -2*o. Let y(d) = 6*d + 17. Let f(i) = -3*i - 8. Let p(m) = v*f(m) + 6*y(m). Determine p(4).
-14
Let u(l) = -2*l**3 + 4*l**2 - 2*l. Let b be u(2). Let c(h) be the second derivative of -h**4/12 - 7*h**3/6 - h**2/2 + 41*h. What is c(b)?
11
Let f(p) = p**2 + 5*p + 2. Suppose g + 46 = -0*d + 3*d, 3*g + 2*d + 94 = 0. Let r = g + 32. Determine f(r).
-4
Let u(j) = j**2 - 5*j - 3. Let q be u(6). Let c(b) = 6*b - 16. Let f(r) = 2*r - 6. Let l(s) = q*c(s) - 8*f(s). Calculate l(-3).
-6
Let a be (0 + (-2 - -2))*-1. Let y(z) = 1 - 4 + a*z + 2*z. Let v = -45 + 49. Determine y(v).
5
Let s = 37 + -26. Let v = s - 10. Suppose -5*u + 2*f = -3, -3*f + 1 + v = -u. Let b(w) = 4*w. Give b(u).
4
Let s be 160/70 - (-4)/(-14). Suppose 0 = 5*n - 6*o + o - 10, 0 = s*o - 4. Let d(a) = -5 - 2*a + 2 - 2*a**2 - a**3 + 5*a**2 + 8*a. Calculate d(n).
5
Let i(h) = -7*h**2 + h + 1. Let f be -3 + (2 - (-3)/(-3)). Let x be f/(-6) - 14/6. Let j = -3 - x. Calculate i(j).
-7
Let b(a) = -a**2 - 3*a + 2. Let i(j) = -4*j**2 + 3*j. Let s(v) = -v**2 - v + 1. Let f(q) = i(q) - 3*s(q). Let c be f(5). Determine b(c).
-8
Let s(l) = 2*l**3 + 3*l**2 - 3*l + 2. Let v(j) = 